 digit of 122573?
7
What is the hundreds digit of 69675?
6
What is the thousands digit of 5456592?
6
What is the units digit of 2412562?
2
What is the tens digit of 17234206?
0
What is the ten thousands digit of 41727?
4
What is the ten millions digit of 13236936?
1
What is the hundred thousands digit of 117811?
1
What is the millions digit of 2806912?
2
What is the thousands digit of 798684?
8
What is the hundreds digit of 189435?
4
What is the units digit of 9347?
7
What is the tens digit of 6419?
1
What is the thousands digit of 1158815?
8
What is the thousands digit of 23140112?
0
What is the units digit of 2064170?
0
What is the units digit of 760356?
6
What is the hundred thousands digit of 122784?
1
What is the ten millions digit of 16806981?
1
What is the ten thousands digit of 54549?
5
What is the tens digit of 1998844?
4
What is the ten millions digit of 15591975?
1
What is the millions digit of 16271128?
6
What is the millions digit of 9748728?
9
What is the hundreds digit of 586269?
2
What is the ten thousands digit of 17921771?
2
What is the hundreds digit of 881246?
2
What is the units digit of 118407?
7
What is the tens digit of 248736?
3
What is the thousands digit of 175260?
5
What is the ten thousands digit of 881266?
8
What is the units digit of 784156?
6
What is the units digit of 274104?
4
What is the tens digit of 8765774?
7
What is the ten thousands digit of 62298?
6
What is the millions digit of 13562235?
3
What is the ten thousands digit of 879175?
7
What is the ten thousands digit of 2412466?
1
What is the hundreds digit of 402909?
9
What is the millions digit of 1897381?
1
What is the units digit of 1176161?
1
What is the tens digit of 2383861?
6
What is the hundred thousands digit of 38047749?
0
What is the hundreds digit of 1759633?
6
What is the ten thousands digit of 48250?
4
What is the tens digit of 509607?
0
What is the tens digit of 789755?
5
What is the millions digit of 3814728?
3
What is the hundreds digit of 5319744?
7
What is the hundreds digit of 1124091?
0
What is the hundreds digit of 62409?
4
What is the ten millions digit of 17712824?
1
What is the hundreds digit of 179850?
8
What is the units digit of 6435484?
4
What is the hundreds digit of 150609?
6
What is the tens digit of 26104?
0
What is the tens digit of 8993537?
3
What is the thousands digit of 1105861?
5
What is the thousands digit of 6129507?
9
What is the hundred thousands digit of 11783974?
7
What is the hundred thousands digit of 1109788?
1
What is the hundred thousands digit of 27403123?
4
What is the units digit of 3910828?
8
What is the tens digit of 26817797?
9
What is the ten millions digit of 19302807?
1
What is the hundred thousands digit of 2387032?
3
What is the hundred thousands digit of 3993817?
9
What is the hundreds digit of 16159486?
4
What is the ten thousands digit of 105396?
0
What is the thousands digit of 689934?
9
What is the units digit of 171820?
0
What is the tens digit of 41162?
6
What is the tens digit of 56913?
1
What is the hundred thousands digit of 16260681?
2
What is the millions digit of 3431463?
3
What is the ten thousands digit of 528829?
2
What is the ten thousands digit of 178044?
7
What is the tens digit of 424912?
1
What is the units digit of 5614221?
1
What is the tens digit of 3395131?
3
What is the tens digit of 86362?
6
What is the millions digit of 2050777?
2
What is the thousands digit of 8786522?
6
What is the hundreds digit of 563938?
9
What is the tens digit of 427988?
8
What is the thousands digit of 2936512?
6
What is the hundreds digit of 1024050?
0
What is the hundred thousands digit of 293927?
2
What is the millions digit of 3405175?
3
What is the hundred thousands digit of 185182?
1
What is the thousands digit of 16837?
6
What is the tens digit of 66639?
3
What is the ten thousands digit of 4334168?
3
What is the thousands digit of 4762021?
2
What is the units digit of 4452765?
5
What is the ten thousands digit of 10361040?
6
What is the thousands digit of 3312?
3
What is the thousands digit of 502450?
2
What is the thousands digit of 1281897?
1
What is the tens digit of 718453?
5
What is the tens digit of 179772?
7
What is the thousands digit of 6149506?
9
What is the hundreds digit of 71089?
0
What is the ten thousands digit of 1517066?
1
What is the thousands digit of 769085?
9
What is the units digit of 984408?
8
What is the millions digit of 1732536?
1
What is the units digit of 463546?
6
What is the tens digit of 89909?
0
What is the ten thousands digit of 4566169?
6
What is the hundred thousands digit of 2355518?
3
What is the units digit of 1376798?
8
What is the ten thousands digit of 98830?
9
What is the tens digit of 4105119?
1
What is the hundred thousands digit of 264459?
2
What is the tens digit of 203822?
2
What is the tens digit of 14463?
6
What is the hundreds digit of 3137647?
6
What is the thousands digit of 7708163?
8
What is the hundreds digit of 10043439?
4
What is the units digit of 370357?
7
What is the thousands digit of 726679?
6
What is the tens digit of 55567?
6
What is the hundreds digit of 201577?
5
What is the tens digit of 843195?
9
What is the ten thousands digit of 180732?
8
What is the ten thousands digit of 429856?
2
What is the hundreds digit of 125939?
9
What is the units digit of 428565?
5
What is the hundred thousands digit of 707870?
7
What is the millions digit of 14588333?
4
What is the hundred thousands digit of 9839657?
8
What is the thousands digit of 9224892?
4
What is the ten thousands digit of 2321451?
2
What is the tens digit of 1309514?
1
What is the tens digit of 901310?
1
What is the ten thousands digit of 191545?
9
What is the tens digit of 3511363?
6
What is the thousands digit of 1592800?
2
What is the millions digit of 6344242?
6
What is the ten thousands digit of 879718?
7
What is the hundreds digit of 685052?
0
What is the thousands digit of 243815?
3
What is the hundred thousands digit of 4763934?
7
What is the thousands digit of 200772?
0
What is the hundred thousands digit of 3415673?
4
What is the units digit of 4197932?
2
What is the hundreds digit of 1644249?
2
What is the hundred thousands digit of 163351?
1
What is the hundred thousands digit of 540922?
5
What is the hundreds digit of 1869823?
8
What is the tens digit of 410771?
7
What is the hundred thousands digit of 2214096?
2
What is the millions digit of 29951027?
9
What is the ten millions digit of 18406072?
1
What is the thousands digit of 4058205?
8
What is the tens digit of 442454?
5
What is the hundred thousands digit of 1594566?
5
What is the units digit of 333036?
6
What is the units digit of 9824613?
3
What is the hundreds digit of 2587790?
7
What is the units digit of 6436?
6
What is the units digit of 720069?
9
What is the hundreds digit of 21839661?
6
What is the hundreds digit of 240008?
0
What is the tens digit of 632843?
4
What is the thousands digit of 153213?
3
What is the hundred thousands digit of 15979499?
9
What is the ten thousands digit of 60306?
6
What is the hundreds digit of 2459627?
6
What is the hundreds digit of 3069807?
8
What is the tens digit of 1955?
5
What is the thousands digit of 27621452?
1
What is the units digit of 150236?
6
What is the hundreds digit of 73069?
0
What is the tens digit of 30430133?
3
What is the ten thousands digit of 68332?
6
What is the hundred thousands digit of 3844094?
8
What is the hundreds digit of 671004?
0
What is the units digit of 1372825?
5
What is the units digit of 19023283?
3
What is the units digit of 45834?
4
What is the hundred thousands digit of 733174?
7
What is the millions digit of 2218336?
2
What is the millions digit of 9194325?
9
What is the units digit of 1508177?
7
What is the ten thousands digit of 2081278?
8
What is the hundred thousands digit of 641209?
6
What is the millions digit of 2567609?
2
What is the tens digit of 8319351?
5
What is the hundred thousands digit of 249720?
2
What is the tens digit of 4102959?
5
What is the tens digit of 1194212?
1
What is the units digit of 4747747?
7
What is the units digit of 10082654?
4
What is the ten thousands digit of 88068?
8
What is the hundred thousands digit of 2877701?
8
What is the millions digit of 3523660?
3
What is the hun